et r(v) = v**3 - v - 6 + v**2 + 11*v**2 + v**2. Let n be r(-13). Calculate the greatest common divisor of 14 and n.
7
Suppose -117 = -7*v + 4*v. Suppose 5*c - v = -4*t, -c + 3*c = -5*t + 70. What is the highest common divisor of 4 and t?
4
Let u = -20 + 26. Calculate the greatest common divisor of 4 and u.
2
Suppose 5*w - 91 = -21. Suppose -5*p + 6*p = 14. What is the highest common divisor of p and w?
14
Let a = 175 - 85. Let l(o) = -o**2 + o + 1. Let q be l(1). Let w(p) = 9*p**3 + p**2 + p - 1. Let x be w(q). Calculate the highest common divisor of x and a.
10
Suppose 2*z - 292 = -3*c, -c = -3*z - 122 + 32. Calculate the greatest common divisor of 16 and c.
16
Let d be ((-36)/6)/(-1 - 61/(-63)). What is the highest common divisor of 27 and d?
27
Let t(s) be the third derivative of s**6/120 + s**5/12 - 5*s**4/24 - s**3/2 - 4*s**2. Let f be t(-5). Calculate the highest common divisor of 2 and f.
2
Suppose -h = 4*h - 20. Let f(t) = t**2 - 3*t + 6. Let c be f(h). Calculate the highest common divisor of 50 and c.
10
Let z be (14/(-21))/(4/66). Let q = z + 30. Let w = 17 + q. Calculate the greatest common divisor of 24 and w.
12
Let n(p) = 2*p + 32. Let w be n(-5). What is the highest common divisor of w and 66?
22
Suppose -b + 81 = -0*b. Calculate the highest common factor of b and 9.
9
Let t(z) = -29*z - 7. Let y be t(-3). Suppose 2*c + 2 = -8. Let q be 1/c + 303/15. Calculate the highest common divisor of q and y.
20
Suppose -u = -2*u + 11. Let t be (0 - (-1)/1)*11. What is the highest common factor of u and t?
11
Let g = -19 + 39. Let c be 220/(-8)*(-24)/g. Let n be -3*(1 - 28/6). What is the highest common factor of n and c?
11
Suppose -11*t = 34 - 397. Suppose -5*b + 114 = -0*b - w, 0 = 5*b + 3*w - 98. Suppose b = -g + 2*g. What is the greatest common factor of t and g?
11
Let l be (-1)/4 - (-68)/16. Suppose -36 = m - l*m. Calculate the greatest common factor of m and 132.
12
Let d be (16/24)/(2/39). What is the greatest common factor of 104 and d?
13
Let r(w) = w**3 + 5*w**2 - 2*w + 1. Let i be r(-5). Calculate the highest common divisor of i and 121.
11
Suppose 4*j - 8 = -4*q, 0*j + 2*j + q - 8 = 0. Let v(a) = -a**3 + a - 2 - a**2 + 2*a**2 + j. Let f be v(-4). Calculate the highest common factor of f and 32.
16
Let q be (-7)/(-42) + 262/12. Calculate the greatest common divisor of q and 198.
22
Let x be (-30)/(-4) + 1/2. Suppose j = -2*d - x, 0*d - 5*j - 22 = d. Let l be (d/6)/((-2)/42). What is the highest common divisor of 1 and l?
1
Suppose i - 59 = -2*w, 3*i + 45 + 21 = 3*w. What is the highest common divisor of 27 and w?
27
Suppose -3*n - 69 = -6*n. Calculate the highest common factor of 69 and n.
23
Let x be 12*(-1 + 133/2). Suppose -4*h + 5*g - x = 0, g + 448 - 62 = -2*h. Let d = -134 - h. Calculate the highest common factor of d and 24.
12
Suppose 5 = k, 6*b + 5*k = b + 10. Let a be (1 - 2)*(b + -22). What is the highest common factor of 200 and a?
25
Let c = -24 + 76. Let q = -25 - -38. What is the greatest common divisor of q and c?
13
Suppose 2*d + 0*d - 60 = -4*i, -5*d + 186 = -2*i. Suppose -d = -2*r - r. What is the greatest common factor of 18 and r?
6
Let i be ((-22)/(-6))/(1/3). Let w = -59 + 70. What is the greatest common factor of w and i?
11
Let d(z) = -z**3 - 5*z**2 - 2*z - 4. Let h be d(-5). Suppose -59 = -5*l + 121. Calculate the highest common factor of h and l.
6
Suppose -3*y - 2*g + 3 = 0, 4 = 4*y + 2*g - 0. Suppose -12*h - 50 = -5*b - 13*h, -5*h - 3 = 2*b. What is the highest common divisor of y and b?
1
Let i(t) = t**3 + 6*t**2 - 10*t - 2. Let k be i(-7). Suppose 3*o - 11 = k. Suppose 5*q = 3*q + 100. Calculate the highest common divisor of q and o.
10
Let s(c) = -1. Let k(o) = o + 1. Let d(w) = k(w) - 6*s(w). Let h be d(9). Calculate the greatest common factor of 40 and h.
8
Let p = 2 + 0. Suppose -p*u + 4*u - 2 = 0. Let o be 7 + (2 - (u + 2)). Calculate the greatest common factor of o and 24.
6
Let d be (147/2)/(-7)*-2. Suppose 3*i = 7 + 14. Calculate the greatest common divisor of d and i.
7
Let y = 20 + -11. Let t be 366/(-4) + 4/(-8). Let b = -29 - t. What is the highest common divisor of b and y?
9
Let c(z) = z**3 + 7*z**2 - 6*z + 2. Let d be c(-8). Let o = 27 + d. Suppose -2*s - 49 = -r, r + 88 = 3*r - 2*s. Calculate the highest common divisor of o and r.
13
Let p = 6 + -3. Let y = p + 0. Let c(v) = v**3 - 19*v**2 + 19*v + 15. Let z be c(18). Calculate the highest common divisor of y and z.
3
Let a(p) = -7*p**3 - 2*p**2 + 1. Let q be a(-1). Suppose -2*o = o - 18. Calculate the highest common factor of o and q.
6
Suppose -3*y - 21 = -l - 1, y - 110 = -3*l. Let b = l + -23. Let r = 1 - -3. Calculate the greatest common factor of r and b.
4
Suppose 3*k = -6 - 9. Let d = -2 - k. Suppose 0 = 4*n - 1 - 83. Calculate the highest common divisor of n and d.
3
Let l = 7 - 4. Suppose -v - l*i + 14 = v, 0 = 2*v - i - 6. What is the greatest common divisor of 10 and v?
2
Let o(k) = -15*k - 45. Let n be o(-6). Calculate the highest common factor of 18 and n.
9
Let w = -2 + 5. Suppose -4 = 2*v, 3*t - 424 + 160 = 3*v. Suppose 2*y = -3*y - 2*c + t, -y = w*c - 12. Calculate the highest common divisor of 162 and y.
18
Let t(k) = k**2 - 2*k + 10. Let g be t(-8). Calculate the highest common divisor of 10 and g.
10
Suppose -55 = -4*u + 649. Let a(v) = -v**2 - 9*v - 2. Let w be a(-6). What is the highest common factor of u and w?
16
Let y be (-86)/3*(-4 + 1). Let z = y + -34. Let j = z - 20. Calculate the greatest common factor of j and 16.
16
Let v(k) = -k**2 - 3*k - 6. Let q be v(-3). Let p = 31 + q. What is the greatest common divisor of 5 and p?
5
Let n = -157 - -178. Let k be (42/(-4))/(2/(-12)). What is the greatest common factor of k and n?
21
Let x = -17 + 24. Let f be (-109 - -2)/(1/(-2)). Let c = f + -137. What is the greatest common divisor of c and x?
7
Suppose -v - 3*l + 265 = 0, 2*v - 1130 = -2*v + 2*l. Calculate the highest common factor of v and 35.
35
Let o(h) = 0*h**2 + 11*h - 3*h + h**2 + 5. Let r be o(-7). Let k be -1*(-2 - 24 - r). What is the greatest common divisor of 48 and k?
24
Let u be (-286)/(-6)*(1 + 2). Calculate the greatest common divisor of 13 and u.
13
Suppose -218 + 50 = -14*n. Let c(r) = r**2 + r - 2. Let w be c(-3). Calculate the highest common divisor of n and w.
4
Suppose 4*w - 11 = 5. Let n(l) = -33*l - 3 + 4 - 7 + w. Let q be n(-2). Calculate the greatest common divisor of q and 8.
8
Let w(x) = x**3 + 4*x**2 + 4*x. Let i be w(-3). Let p(t) = 3 - 11*t - 3*t + 0*t. Let q be p(i). What is the highest common divisor of 5 and q?
5
Let h be ((-2*18)/3)/(-1). Let y = 22 - 10. What is the highest common factor of y and h?
12
Let f = -5 - -5. Let m be 11 + -5 - (2 + f). What is the greatest common factor of 20 and m?
4
Let k(i) = i**2 - 4*i - 8. Let y be k(8). Calculate the greatest common divisor of 168 and y.
24
Let g(v) = v + 24. Let x be g(-12). What is the greatest common divisor of 12 and x?
12
Let s(z) = -2*z**2 + 16*z + 10. Let i be s(8). Let l be (-4)/(-14) + (-231)/(-49). What is the highest common divisor of l and i?
5
Let r(c) = -2*c**2 - 11*c + 5. Let k be r(-5). Calculate the highest common factor of k and 10.
10
Let p = 8 - 6. Let v(h) = h - 3*h + 2*h + h + 10*h**p. Let n be v(-1). What is the highest common divisor of 81 and n?
9
Let d(i) = -i**3 - 9*i**2 - 5*i + 7. Let t be d(-9). Calculate the greatest common factor of t and 13.
13
Suppose 4*o - 3*t = 25, o + 2*t + 26 = 6*o. What is the highest common factor of o and 4?
4
Let y = -9 - -21. Calculate the highest common factor of 3 and y.
3
Suppose 5*b = -4*d + 26, 0*b - 3*b - 4*d = -14. Let o = 11 - 7. Let j be (-30)/o*(-8)/b. What is the highest common factor of 50 and j?
10
Let p(h) = h**3 - 3*h**2 + 3*h + 3. Let b be p(3). Suppose -3*f + 24 = f. What is the highest common factor of f and b?
6
Suppose 3*p - 14 = -2*o, 3*o + 4*p - 8 = 11. Let i be o/3 - 235/(-15). Calculate the highest common divisor of 2 and i.
2
Let h(u) = -u. Let f be h(0). Suppose f*r - 54 = -2*r. Calculate the greatest common factor of r and 9.
9
Let d be 210/9 + (-6)/18. Calculate the greatest common divisor of 92 and d.
23
Let u(i) = 55*i - 3. Let n be u(3). Let t be -5 + (-3 - -1) - -1. Let d be (t/(-4))/(1/12). What is the highest common factor of